 z?
True
Let z be ((-2)/3)/(4/(-18)). Suppose -q - 84 = -z*q. Is q a multiple of 16?
False
Suppose 2*x + 3*n = 75, 2*n + 84 + 74 = 4*x. Does 16 divide x?
False
Let c = 12 + -5. Suppose 2*p = c*p - 5*b, 4*b = -p + 5. Does 7 divide -2 - (p + 20)/(-1)?
False
Let a(c) = -c - 2. Let w be 4/(-5) - 6/30. Let s be 1*(2 + w) - 7. Is 4 a factor of a(s)?
True
Let x be 11/(-3) - 4/12. Let b be (-2)/x*(9 + -5). Suppose k + b*j = 30, -3*k + 0*k - 4*j = -82. Does 11 divide k?
True
Let g(m) = -3*m + 6. Does 9 divide g(-13)?
True
Suppose -5*c + 0*i - 20 = -i, -2*i = -4*c - 10. Is 2 a factor of 1/c - (-63)/15?
True
Let a = 53 - -4. Is 13 a factor of a?
False
Suppose -76 - 104 = -5*t. Suppose -5*h = 4*v + t - 153, 4*h = -4*v + 116. Is v a multiple of 10?
False
Let u be 139/((-3)/(0 - 3)). Suppose -3*l - 58 = -u. Does 21 divide l?
False
Suppose p - 3 = -2*v, -2*v - 8 = -0*v. Suppose -4*h + p + 65 = 0. Is 3 a factor of h?
False
Suppose 3*c - 197 = -23. Suppose 2*n = 3*w - w - c, w = 3*n + 35. Does 9 divide w?
False
Let h = 3 + 1. Suppose 3*s - 2*k = 4 + 11, -s + 5 = -h*k. Suppose 0 = s*a + 10, 5*q - a = -8 + 30. Is 3 a factor of q?
False
Let h(q) be the third derivative of 19*q**6/120 - q**5/60 + 7*q**2. Does 9 divide h(1)?
True
Suppose 4*f + 44 = 2*f. Let l = f - -40. Is 17 a factor of l?
False
Is 4 a factor of (2/(-5))/((-2)/110)?
False
Suppose -2*o = -f - 297, -2*o - 3*o = 3*f - 726. Does 11 divide o?
False
Let h(k) = 3*k**2 + 19*k. Is h(-11) a multiple of 14?
True
Let r = 4 + 41. Does 13 divide r?
False
Suppose -3*i = -2*m - 2*i + 171, m = -5*i + 69. Is m a multiple of 6?
True
Let w(a) be the first derivative of a**4/2 + a**2/2 + a - 1. Does 7 divide w(2)?
False
Suppose -9*g + 86 + 13 = 0. Does 5 divide g?
False
Let k(p) = 12*p**2 - 1. Let y(j) = -j**3 + 5*j**2 + 8*j - 9. Let h be y(6). Let v = -2 + h. Does 5 divide k(v)?
False
Let u(w) = 6*w**2 - w - 2. Suppose 0 = -t - t - 40. Let n be (-4)/10 - (-32)/t. Does 13 divide u(n)?
False
Let l = 61 - 123. Suppose -2*z - 22 = -198. Let o = l + z. Does 13 divide o?
True
Let i(v) = v**3 + 4*v**2 - 4*v + 7. Let t be i(-5). Let x(h) = 0*h**3 - 2*h + 7*h + 9*h**t - h**3. Is x(9) a multiple of 22?
False
Let c = 28 + -7. Does 10 divide c?
False
Let x(g) = -g - 7. Let p be x(-6). Does 17 divide 19 + 0*p/3?
False
Let j = -14 + 52. Suppose 0 = 2*x - 3*i - j, 4*x + 4*i - 76 = -i. Is x a multiple of 4?
False
Suppose 2*d + 2*s = -0*d + 10, 0 = -2*d - 3*s + 13. Suppose 34 = 2*t - d. Is 6 a factor of t?
True
Suppose -13*c = -14*c + 67. Is 16 a factor of c?
False
Let z(g) = g**2 + 8*g - 7. Let m be z(-5). Let d = m + 35. Does 10 divide d?
False
Let i = 27 - 14. Does 4 divide i?
False
Let v(h) = h + 4. Let r be v(-4). Suppose -4*u - u + 20 = r. Suppose 2*c - u*c = -3*o - 16, -4*c - 5*o = -32. Does 5 divide c?
False
Let r = 15 - -2. Is 17 a factor of r?
True
Let m be (78/(-4))/(6/(-16)). Let l(t) = 2*t**3 + t**2 + t + 4. Let j be l(0). Suppose v - j*b = 21, -3*v + m = b - 2*b. Does 17 divide v?
True
Let r(l) = 2*l**2 + 10*l - 6. Let s(q) = -q**2 - 2*q + 0*q + 0*q. Let o be s(-4). Does 21 divide r(o)?
True
Let z(j) = j**3 + 8*j**2 + 5*j + 2. Let t be z(-7). Suppose u - t = -6. Is 3 a factor of u?
False
Let j(i) = -17*i - 7. Let x be j(5). Let g be (-5)/15 + x/3. Is 13 a factor of -2 - g/(2 + -1)?
False
Is 24 a factor of 15/((-258)/88 - (4 + -7))?
False
Let d(g) = g**2 + 4. Let s be d(-7). Is 19 a factor of (-5 - -2) + s + 7?
True
Let x(a) = -a**2 - 3*a + 4. Let q be x(-4). Suppose q = 2*d + 39 - 153. Is d a multiple of 18?
False
Suppose 4*i + 35 - 67 = 0. Does 4 divide i?
True
Let y(j) = -j**3 + 7*j**2 + 2*j - 10. Let b be y(7). Suppose -b*a - 11 + 91 = 0. Is a a multiple of 9?
False
Let b = 14 - 10. Let j = b - -10. Is 7 a factor of j?
True
Let u be (-1 - (1 - 2))/(-2). Let z = -70 - -80. Suppose q = -u*q + z. Is 10 a factor of q?
True
Suppose 5*w - x = 7, 0 = w - 4*x - 6 - 3. Is 15/5 + 3*w even?
True
Suppose -2*i = -i - 12. Suppose -i + 132 = 4*t. Is t a multiple of 15?
True
Let d(c) = -4*c**2 - 4*c**2 + c**3 + 40*c - 50*c + 14. Is d(9) a multiple of 5?
True
Suppose 0 = -7*u + 3*u + 24. Let p = u + -4. Let d(l) = l**3 - l**2 + l - 1. Does 3 divide d(p)?
False
Let g be ((-3)/(-9))/((-2)/(-6)). Let r(d) = -d**3 - d**2 - 1. Let b(c) = -30*c**3 - 5*c**2 - 6. Let t(n) = -b(n) + 6*r(n). Is 13 a factor of t(g)?
False
Suppose -7*r = -3*r - 16. Let h be (1 - 0)/((-4)/r). Is 8 a factor of ((-8)/20)/(h/40)?
True
Let k = 9 + -31. Let q be (-1)/(1 + (-9)/12). Is -2 - q - 1*k a multiple of 12?
True
Let k = 13 + -7. Suppose -k*z + 334 + 242 = 0. Is 32 a factor of z?
True
Let o be (1/((-2)/6))/(-1). Suppose -13 = -o*j + 5. Suppose c - 10 - j = 0. Does 8 divide c?
True
Let w = 15 + -12. Does 24 divide 2 + w + (16 - -3)?
True
Suppose -5*s = 4*r - 11, -3*s + 0*s + 10 = -r. Is 14/s*6/2 a multiple of 7?
True
Suppose 0 = -q - 4. Let o = q + 22. Is o a multiple of 10?
False
Suppose -5*w - 105 = -4*x, -5*x + 5*w + 105 = -20. Suppose 0 = -0*h - 2*h + x. Is 12 a factor of ((-28)/(-8))/(1/h)?
False
Let w(s) = s**2 + s + 3. Suppose 3*m = -5*u - 14, -3*u = m - 6*u - 14. Let y(i) = 1. Let q(d) = m*w(d) - 6*y(d). Does 7 divide q(-4)?
False
Suppose -v + 34 = 5*d, 0 = -4*d + 5*v - 1 + 5. Does 3 divide 1 + 8/(d/3)?
False
Let p(j) = -j + 3*j - 1 - 5*j - 14*j. Suppose 2*z = 4*f - 2, 3*f - 3*z - 3 = -z. Is 8 a factor of p(f)?
True
Suppose 0 = -2*o + 3*q + 148, -3*o + 2*o - 2*q = -88. Does 8 divide o?
True
Let n be -124 - (1 - 2 - -1). Is n/(-5)*45/18 a multiple of 31?
True
Does 16 divide 1840/44 + 2/11?
False
Let m(w) be the third derivative of 1/8*w**4 + 1/30*w**5 + 0 + 0*w + 1/6*w**3 - w**2. Does 5 divide m(-3)?
True
Let t(z) = -2*z + 0*z**3 + z**3 - 8 - 5*z**2 + 8*z + 14*z**2. Does 8 divide t(-8)?
True
Suppose 0 = -4*f + f + 201. Is f a multiple of 18?
False
Let s = -30 - -93. Let w = -36 + s. Suppose 3*y - w = 75. Does 13 divide y?
False
Let g(b) = b**2 + 8*b + 9. Let w be g(-7). Let m(u) = 11*u**2 - 2 + w + u. Is m(1) a multiple of 6?
True
Let v(l) = 3*l - 1. Suppose -d - 5*f + 14 = 0, -d = -0*d - 3*f + 2. Let q be v(d). Suppose 0 = -3*a + 22 + q. Is 9 a factor of a?
False
Suppose t + 5 = 7. Suppose t*w - 16 = -4*q, 6*q - 7 = w + 3*q. Suppose 19 = -5*g - 1, 0 = 5*v + w*g - 132. Does 10 divide v?
False
Let j(t) = -8*t. Is j(-2) a multiple of 4?
True
Let c(m) = 2*m**3 - 4*m**2 + m + 2. Let a be c(2). Suppose -5*z = 15, -5*n + 0*z + a*z + 152 = 0. Is n a multiple of 5?
False
Suppose 14*w - 12*w - 24 = 0. Is 3 a factor of w?
True
Let g = 1 + 2. Suppose -g*y + 2*y = -r + 55, 4*r + y = 205. Suppose -2*w - 2*w + r = 0. Is w a multiple of 6?
False
Suppose -d + 6*d = 2*w - 149, -215 = -3*w - d. Is 12 a factor of w?
True
Let c be (20/(-25))/((-2)/260). Let p = c - 66. Is p a multiple of 15?
False
Let q(z) = -z - 1. Let p(r) = -5*r + 57. Let h(x) = -p(x) + 3*q(x). Let l(b) = -b + 30. Let o(u) = 4*h(u) + 9*l(u). Is o(0) a multiple of 15?
True
Suppose -5*p + 20 = -0*p. Suppose -t - p*v = -4*t + 130, t - 40 = -2*v. Is t a multiple of 24?
False
Let c(z) = z**3 - 9*z**2 - 2*z - 1. Let y be c(5). Does 14 divide (-2)/(-8) - y/4?
True
Suppose 33 + 42 = l. Is 15 a factor of l?
True
Suppose -4*r = 3*n + 7 + 2, 15 = -4*r - 5*n. Let k = r + -1. Is 6 a factor of (k - 1)/(4/(-20))?
False
Let y(d) = -27*d + 3. Is 15 a factor of y(-1)?
True
Let y(s) = s**3 - 20*s**2 + 24. Does 6 divide y(20)?
True
Let f be -3 + (0 - -3*2). Suppose 5 = 2*a + 5*i, f*a + 2*i - 2 = a. Suppose -k + 49 = -a*k. Does 18 divide k?
False
Let j(s) = 33*s + 3. Is 3 a factor of j(1)?
True
Let f(y) = y**3 - 8*y**2 + y - 4. Let n be f(8). Suppose 0 = -n*p - 2*z + 19 + 15, 3*p - 23 = z. Let w = p - -11. Does 8 divide w?
False
Let o(k) = -k**3 - 6*k**2 - 5*k + 4. Let i be o(-5). Let v(u) = 1 - 6*u - u - i*u. Is 9 a factor of v(-3)?
False
Is (1/2*-2)/((-21)/189) a multiple of 9?
True
Let h(l) = -l**2 - 20*l + 6. Let s be h(-18). Let w = s + 30. Is 23 a factor of w?
False
Let r be (-1 - 0)/(13/(-1586)). Let o = r - 82. Is o a multiple of 7?
False
Suppose 3*t + 159 = 3*c, 9*c - 4*c - 261 = 4*t. Let p = -17 + c. Is p a multiple of 16?
True
Let v(n) be the second derivative of n**3/3 + 4*n. Is 12 a factor of v(6)?
True
Let w(q) = 10*q - 5. Is 24 a factor of w(6)?
False
Suppose 6*x - 566 - 238 = 0. Is x a multiple of 20?
Fal